{"id":1338,"date":"2024-08-01T11:41:00","date_gmt":"2024-08-01T09:41:00","guid":{"rendered":"https:\/\/www.gesundequartiere.de\/?page_id=1338"},"modified":"2024-08-01T11:41:27","modified_gmt":"2024-08-01T09:41:27","slug":"was-erforschen-wir","status":"publish","type":"page","link":"https:\/\/gesundequartiere.de\/index.php\/einfachesprache\/was-erforschen-wir\/","title":{"rendered":"Was erforschen wir?"},"content":{"rendered":"\n<div style=\"height:30px\" aria-hidden=\"true\" class=\"wp-block-spacer\"><\/div>\n\n\n\n<p class=\"has-normal-font-size\">Arme Menschen sind oft nicht so gesund.<\/p>\n\n\n\n<p class=\"has-normal-font-size\">Wir wollen das \u00e4ndern.<\/p>\n\n\n\n<p class=\"has-normal-font-size\">Wir wollen wissen, wie es \u00e4rmeren Menschen in Hamburg gesundheitlich geht.<\/p>\n\n\n\n<p class=\"has-normal-font-size\">Vielen Menschen ist das Quartier wichtig, in dem sie leben.<\/p>\n\n\n\n<p class=\"has-normal-font-size\">Wir m\u00f6chten wissen, wie wichtig Menschen in Hamburg ihre Gesundheit ist.<\/p>\n\n\n\n<p class=\"has-normal-font-size\">Wir m\u00f6chten wissen, wie ein Quartier ges\u00fcnder werden kann.<\/p>\n\n\n\n<p class=\"has-normal-font-size\">Dann werden auch die Menschen ges\u00fcnder.<\/p>\n\n\n\n<p class=\"has-normal-font-size\">Denn: \u201eWenn es dem Quartier gut geht, geht es den Menschen gut.\u201c<\/p>\n","protected":false},"excerpt":{"rendered":"<p>Arme Menschen sind oft nicht so gesund. Wir wollen das \u00e4ndern. Wir wollen wissen, wie es \u00e4rmeren Menschen in Hamburg gesundheitlich geht. Vielen Menschen ist das Quartier wichtig, in dem sie leben. Wir m\u00f6chten wissen, wie wichtig Menschen in Hamburg <a class=\"more-link\" href=\"https:\/\/gesundequartiere.de\/index.php\/einfachesprache\/was-erforschen-wir\/\">weiterlesen&#8230;<\/a><\/p>\n","protected":false},"author":4,"featured_media":0,"parent":1230,"menu_order":1,"comment_status":"closed","ping_status":"closed","template":"","meta":{"footnotes":""},"class_list":["post-1338","page","type-page","status-publish","hentry"],"_links":{"self":[{"href":"https:\/\/gesundequartiere.de\/index.php\/wp-json\/wp\/v2\/pages\/1338","targetHints":{"allow":["GET"]}}],"collection":[{"href":"https:\/\/gesundequartiere.de\/index.php\/wp-json\/wp\/v2\/pages"}],"about":[{"href":"https:\/\/gesundequartiere.de\/index.php\/wp-json\/wp\/v2\/types\/page"}],"author":[{"embeddable":true,"href":"https:\/\/gesundequartiere.de\/index.php\/wp-json\/wp\/v2\/users\/4"}],"replies":[{"embeddable":true,"href":"https:\/\/gesundequartiere.de\/index.php\/wp-json\/wp\/v2\/comments?post=1338"}],"version-history":[{"count":1,"href":"https:\/\/gesundequartiere.de\/index.php\/wp-json\/wp\/v2\/pages\/1338\/revisions"}],"predecessor-version":[{"id":1339,"href":"https:\/\/gesundequartiere.de\/index.php\/wp-json\/wp\/v2\/pages\/1338\/revisions\/1339"}],"up":[{"embeddable":true,"href":"https:\/\/gesundequartiere.de\/index.php\/wp-json\/wp\/v2\/pages\/1230"}],"wp:attachment":[{"href":"https:\/\/gesundequartiere.de\/index.php\/wp-json\/wp\/v2\/media?parent=1338"}],"curies":[{"name":"wp","href":"https:\/\/api.w.org\/{rel}","templated":true}]}}