{"id":416,"date":"2017-10-25T12:19:42","date_gmt":"2017-10-25T10:19:42","guid":{"rendered":"http:\/\/www.gesundequartiere.de\/wordpress\/?page_id=416"},"modified":"2024-08-01T11:26:57","modified_gmt":"2024-08-01T09:26:57","slug":"prof-dr-joerg-pohlan","status":"publish","type":"page","link":"https:\/\/gesundequartiere.de\/index.php\/gesundequartiere1\/ueber-mich\/prof-dr-joerg-pohlan\/","title":{"rendered":"Prof. Dr. J\u00f6rg Pohlan"},"content":{"rendered":"<p><img loading=\"lazy\" decoding=\"async\" class=\"size-full wp-image-322\" src=\"http:\/\/www.gesundequartiere.de\/wp-content\/uploads\/2017\/10\/J\u00f6rg-Pohlan-Kopie.jpg\" alt=\"\" width=\"152\" height=\"201\" \/><\/p>\n<p>Professor f\u00fcr Stadtentwicklung und Quantitative Methoden der Stadt- und Regionalforschung an der HafenCity Universit\u00e4t Hamburg<\/p>\n<p><strong>Forschungsschwerpunkte<\/strong><\/p>\n<ul>\n<li>Stadt- und Regionalentwicklung in Deutschland<\/li>\n<li>Sozio\u00f6konomischer Strukturwandel von Stadtregionen<\/li>\n<li>Kommunale Finanzen<\/li>\n<li>Quantitative Methoden der Stadt- und Regionalforschung<\/li>\n<\/ul>\n<p><strong>Arbeitsschwerpunkte im Projekt \u201cGesunde Quartiere\u201d <\/strong><\/p>\n<ul>\n<li>Entwicklung eines datengest\u00fctzten Informationssystems \u201eGesundheit im Quartier\u201c<\/li>\n<li>Auswertungen von vorhandenen Statistiken\/Datenbanken sowie eigene Erhebungen zu gesundheitsrelevanten Quartiersmerkmalen<\/li>\n<li>\u00dcberpr\u00fcfung, ob sich dieses Informationssystem f\u00fcr die perspektivische Einrichtung eines kontinuierlichen kleinr\u00e4umigen Gesundheitsmonitorings eignet.<\/li>\n<\/ul>\n","protected":false},"excerpt":{"rendered":"<p>Professor f\u00fcr Stadtentwicklung und Quantitative Methoden der Stadt- und Regionalforschung an der HafenCity Universit\u00e4t Hamburg Forschungsschwerpunkte Stadt- und Regionalentwicklung in Deutschland Sozio\u00f6konomischer Strukturwandel von Stadtregionen Kommunale Finanzen Quantitative Methoden der Stadt- und Regionalforschung Arbeitsschwerpunkte im Projekt \u201cGesunde Quartiere\u201d Entwicklung eines <a class=\"more-link\" href=\"https:\/\/gesundequartiere.de\/index.php\/gesundequartiere1\/ueber-mich\/prof-dr-joerg-pohlan\/\">weiterlesen&#8230;<\/a><\/p>\n","protected":false},"author":1,"featured_media":0,"parent":25,"menu_order":4,"comment_status":"closed","ping_status":"closed","template":"","meta":{"footnotes":""},"class_list":["post-416","page","type-page","status-publish","hentry"],"_links":{"self":[{"href":"https:\/\/gesundequartiere.de\/index.php\/wp-json\/wp\/v2\/pages\/416","targetHints":{"allow":["GET"]}}],"collection":[{"href":"https:\/\/gesundequartiere.de\/index.php\/wp-json\/wp\/v2\/pages"}],"about":[{"href":"https:\/\/gesundequartiere.de\/index.php\/wp-json\/wp\/v2\/types\/page"}],"author":[{"embeddable":true,"href":"https:\/\/gesundequartiere.de\/index.php\/wp-json\/wp\/v2\/users\/1"}],"replies":[{"embeddable":true,"href":"https:\/\/gesundequartiere.de\/index.php\/wp-json\/wp\/v2\/comments?post=416"}],"version-history":[{"count":3,"href":"https:\/\/gesundequartiere.de\/index.php\/wp-json\/wp\/v2\/pages\/416\/revisions"}],"predecessor-version":[{"id":419,"href":"https:\/\/gesundequartiere.de\/index.php\/wp-json\/wp\/v2\/pages\/416\/revisions\/419"}],"up":[{"embeddable":true,"href":"https:\/\/gesundequartiere.de\/index.php\/wp-json\/wp\/v2\/pages\/25"}],"wp:attachment":[{"href":"https:\/\/gesundequartiere.de\/index.php\/wp-json\/wp\/v2\/media?parent=416"}],"curies":[{"name":"wp","href":"https:\/\/api.w.org\/{rel}","templated":true}]}}